factor of 45 and l.
45
Suppose 5*r - 57 = -c - 4, -3*c + 259 = -5*r. What is the greatest common factor of c and 546?
78
Suppose 11 - 2 = -c. Let z(g) = 3*g**2 + 22*g + 35. Let x be z(c). Calculate the greatest common factor of 5 and x.
5
Suppose j - 2193 = -2*j + 4*v, 5*v = -5*j + 3655. What is the greatest common factor of j and 17?
17
Let z be 2/(-9) + 5 + 16/(-9). Let n = z + 48. Calculate the greatest common divisor of 34 and n.
17
Suppose -86 = -5*c - 3*x, -4*c + 0*c + x + 62 = 0. Calculate the greatest common factor of 64 and c.
16
Suppose 6*q = -39 - 3. Suppose -2*f = -3*f + 19. Let g = f + q. What is the greatest common divisor of 96 and g?
12
Suppose -37 = -c - 1. Suppose -6*y + 66 = 12. Calculate the greatest common divisor of c and y.
9
Let u(d) = 5*d - 35. Let z be u(14). Calculate the greatest common divisor of 85 and z.
5
Let z be 134 + (3 - 1)/2. Let l be (-16 - (0 - 1))*-1. Calculate the highest common factor of z and l.
15
Let t be (-9 - (-744)/(-40))/(3/(-10)). What is the highest common factor of 828 and t?
92
Let c = -803 - -1492. Calculate the highest common divisor of c and 265.
53
Let b = -67 + 151. Calculate the greatest common factor of 126 and b.
42
Let o(r) = 3*r - 8. Let i(t) = t - 1. Let y(s) = 2*i(s) - o(s). Suppose -2*d - d = 27. Let c be y(d). Calculate the highest common divisor of c and 60.
15
Let b be (-14)/(-49) - (-41632)/112. What is the greatest common factor of 1023 and b?
93
Suppose -2*h = -3*z + 538, -z = 5*h + 98 - 266. Suppose 5*v - o + 421 = -219, 0 = -4*o + 20. Let w = v + z. Calculate the highest common divisor of 34 and w.
17
Let i(p) = 6*p**2 + 4*p - 4. Let k be i(1). What is the highest common factor of 114 and k?
6
Let q be (-4 + 5 + 0)*-313. Let z = -145 - q. What is the highest common factor of 24 and z?
24
Let w(j) = j**3 - 14*j**2 - 17*j - 7. Let v be w(15). Let p = v + 9. Let d = 6 - p. What is the greatest common factor of 17 and d?
17
Let a(s) = -s**3 - s**2 + 3*s. Let h be a(-3). Let z = 17 - h. Let y = -63 + 95. Calculate the greatest common factor of y and z.
8
Let o(j) = -4*j - 8. Let w be o(-3). Suppose -a = -2*m - w, -3*a + 2*m + 3 = -5. Suppose 6 = a*c + c. Calculate the highest common factor of c and 22.
2
Suppose 2*q - 60 - 43 = -3*k, q - 59 = k. Let n(y) = 10*y + 2. Let j be n(-2). Let d be (-4)/j + (-183)/(-27). Calculate the highest common divisor of q and d.
7
Let b = -16 - -23. Suppose 0*a + 3*m - 68 = 2*a, 3*m = 0. Let u = -6 - a. Calculate the greatest common divisor of b and u.
7
Let l be -44*1/(-5)*(-15)/(-6). What is the greatest common divisor of 34 and l?
2
Suppose 5*a - 4*b + 1484 = 0, a = b - 100 - 196. Let o be ((-1)/(-3))/((-2)/a). What is the highest common factor of o and 20?
10
Suppose 335*o - 332*o = 12. What is the highest common factor of o and 488?
4
Suppose 4*v + 292 = 3*i, 5*i - 23*v - 452 = -25*v. Let k be 1230/54 - (-4)/18. What is the greatest common factor of i and k?
23
Suppose -2*z = -3*z + 4. Suppose -z*s - y + 27 = 0, 2*y = -5*s - 3 + 39. Let b(g) = 3*g - 9. Let i be b(7). Calculate the greatest common factor of i and s.
6
Let y(m) = -210*m - 1. Let k(a) = 210*a + 2. Let b(n) = -2*k(n) - 3*y(n). Let x = -22 - -23. Let g be b(x). What is the highest common divisor of g and 19?
19
Let z = -411 + 412. What is the greatest common factor of z and 83?
1
Suppose 72*t + 7186 - 60178 = 0. Calculate the highest common factor of t and 64.
32
Let f(p) = -6 - 12 + 6 - 3*p - p. Let y be f(-4). Suppose -4*b + 69 = -91. What is the highest common factor of b and y?
4
Let y be (4 - (0 - -6)) + -1 + 43. Let o = -21 + 29. Calculate the highest common divisor of o and y.
8
Let x(v) = -v**3 + 8*v**2 - 4*v + 7. Let b be x(7). Let d = 54 + -42. What is the greatest common factor of d and b?
4
Let w = 169 - 130. What is the greatest common divisor of w and 741?
39
Let z be 281/(7*6/210). Calculate the greatest common factor of 5 and z.
5
Let n be (8/10)/(1/((-10)/(-4))). Calculate the greatest common factor of 10 and n.
2
Suppose 2*s = -1 - 1. Let x(d) = -65*d. Let y be x(s). Suppose 148*c = 89*c + 767. What is the greatest common factor of c and y?
13
Suppose 0 = -0*b + b - 4. Suppose 5*j - b*j - 9 = 0. Suppose -19*n = 4*w - 22*n - 51, 0 = n + 5. What is the greatest common divisor of w and j?
9
Let d = 59 + -58. What is the highest common factor of d and 16?
1
Let z be 14/3 + (-5)/(-15). Suppose -25 = -z*c - 0*c. Suppose -c*n - 3*r = -285, 5*r = -n - 4*n + 295. Calculate the highest common divisor of 6 and n.
6
Let g = -271 + 279. Calculate the highest common factor of 392 and g.
8
Suppose 0 = 4*u + 7 + 77. Let k = 9 - u. Calculate the greatest common divisor of 90 and k.
30
Let j be (-13)/39 - (-32)/6. Let k be (j - -4)/((-4)/(-16)). What is the greatest common divisor of k and 36?
36
Suppose 48 + 40 = 4*q. Let y be 24/(-9) - 16/(-24). Let t = 13 + y. Calculate the greatest common divisor of q and t.
11
Suppose -2*q + 4 = 0, 2*q - 20 = -2*j - 2*q. Let n(m) = m**2 + 2*m - 6. Let a be n(j). Calculate the greatest common factor of 6 and a.
6
Let u(h) = -h**3 + 6*h**2 - 6*h + 6. Let o be u(4). Let j = -41 + 25. Let t = 23 + j. Calculate the greatest common factor of o and t.
7
Let d = -47 + 119. Suppose 0*t = 6*t - d. What is the greatest common factor of 36 and t?
12
Let l be (-9)/6*(6/9)/(-1). Let y(m) be the second derivative of 3*m**3/2 + m**2/2 + m. Let q be y(l). What is the greatest common divisor of 70 and q?
10
Suppose -4*d + 61 = r - 1, -2*d + 106 = 2*r. Suppose -20 + r = l. Calculate the highest common factor of l and 10.
10
Let t be (0 - 32/(-4)) + 11. What is the greatest common factor of 76 and t?
19
Suppose 0 = 4*r + 30 - 10. Let k = r - -10. Suppose -5*u + 180 = 5*c - 2*c, 3*c - 3*u = 156. Calculate the highest common divisor of c and k.
5
Suppose -3*s + 51 = -g, -2*s + 7 = -5*g - 14. Suppose -29 = -q - 27. What is the highest common divisor of q and s?
2
Suppose -3*r = 2*r - 20. Suppose l + v = -4, -23 = -3*l + r*v - 7. Suppose 0*u + 3*u - 18 = l. What is the highest common divisor of u and 18?
6
Let k be (-133)/(-21) - (-2)/3. What is the highest common factor of 112 and k?
7
Let i(b) = -b**3 + 8*b**2 + 5*b - 2. Let k be i(4). Suppose t = 1, -5*t + k + 43 = 3*r. What is the highest common factor of 5 and r?
5
Let m be (5 + -2)/((-6)/(-54)). Suppose 3*g - 2*g = 0, 15 = 5*y - 2*g. Calculate the highest common divisor of m and y.
3
Suppose 2*y - 5*s = 670, 2*y - 5*y = -3*s - 1014. Calculate the greatest common factor of 136 and y.
68
Let m(j) = -32*j - 104. Let r be m(-6). Calculate the highest common divisor of 154 and r.
22
Let l = -145 - -105. Let o = l + 403. What is the greatest common divisor of 33 and o?
33
Let z be (-26)/3*(-30)/20. Let f = 16 - z. Let u be ((-110)/f)/(1/(-3)). Calculate the highest common factor of u and 10.
10
Let g = -197 - -220. Suppose -2*h + 135 = -141. Calculate the greatest common factor of g and h.
23
Suppose n - 13 = v - 4, 6 = -2*n - 4*v. Suppose 5 + 20 = n*t. What is the greatest common divisor of 1 and t?
1
Let s(b) = 3*b + 9. Let z be s(-5). Let q be 0 + (4 - z/(-2)). Calculate the greatest common factor of q and 7.
1
Let b(x) = x**3 + 19*x**2 - 11*x - 130. Let r be b(-13). What is the highest common factor of r and 13?
13
Let k be (-24)/(-28) + 11372/28. What is the greatest common divisor of 37 and k?
37
Let q(x) = x**2 + 16*x + 328. Let s be q(-14). What is the greatest common divisor of 225 and s?
75
Let r be 2/(-14) - (4 - 1395/63). Let i be (6 + 0)*21/1. Calculate the highest common divisor of r and i.
18
Let r = -157 - -112. Let s be (-8)/(-2) + ((-16)/(-4) - -63). Let n = s + r. Calculate the greatest common factor of 78 and n.
26
Let f be 189/(-42)*4/3 + 3. Let u = 1 - f. What is the greatest common divisor of 18 and u?
2
Suppose -5*y + 575 = -2*m, -4*m + 3 = 4*y - 457. Calculate the greatest common factor of y and 2070.
115
Suppose -5*n + 49 + 81 = 0. Let l = 240 - 214. Calculate the greatest common divisor of n and l.
26
Suppose b - 12 = -0*b. Suppose w = -3*a + 99, 3*a = -4*w + 630 - 207. Calculate the greatest common factor of b and w.
12
Let t = -33 + 35. Let a be 44*(6/t)/3. What is the highest common factor of a and 22?
22
Let p be 15/(-2)*44/(-3). Suppose 4*b - p = 54. Calculate the highest com